rs of 2/(-3) + 76/f?
2, 3
Let f(z) = 2*z**2 + 4*z + 4. Let w be f(-4). Let x = 38 - w. List the prime factors of x.
2, 3
Let r be -75*(-3)/9*2. Suppose 4*x = -x + r. List the prime factors of x.
2, 5
Let k(x) = 1 - 8 - 8*x + 8. List the prime factors of k(-4).
3, 11
Suppose -8 = -3*p - p, -38 = -3*k + 2*p. List the prime factors of k.
2, 7
Let j = -9 + 35. Suppose d - 40 - j = 0. Suppose p + 2*y = 20, -2*p = 2*p + y - d. List the prime factors of p.
2
Let r(l) = -2*l**2 + 4*l + 1. Suppose v + 12 = 5*v. Let u be r(v). Let h = 4 - u. List the prime factors of h.
3
Let w(l) = -l**3. Let r(p) = 4*p**3 - 5*p**2 - p. Let q(s) = r(s) + 2*w(s). What are the prime factors of q(4)?
2, 11
Let z be ((-48)/(-20))/(6/(-20)). Let p(q) be the third derivative of q**6/120 + 2*q**5/15 - q**4/12 - 11*q**3/6 + q**2. What are the prime factors of p(z)?
5
Let h(w) = w**3 - 9*w**2 + 5*w + 6. Let j = -15 + 24. List the prime factors of h(j).
3, 17
Let a(o) = -o**3 - 5*o**2 + 5*o - 4. Let s be a(-6). List the prime factors of 13 + s/4*-2.
2, 3
Let l(i) = 6*i + 4*i**2 - 1 - 2*i**2 - i**2. Let z(p) = -p**2 + p - 8. Let w be z(0). List the prime factors of l(w).
3, 5
Suppose 2*q - 313 = -101. List the prime factors of q.
2, 53
Let r = -57 + 108. What are the prime factors of r?
3, 17
Let c(q) = q**3 + 9*q**2 + 6*q - 8. Let a be c(-7). Suppose -o + 3*o = a. What are the prime factors of o?
2, 3
Let c(n) = -24*n + 1. List the prime factors of c(-2).
7
Suppose 2*u = -5*k + 13, 22 = 2*u - 2*k + 2. List the prime factors of u.
3
Suppose 1 + 3 = 2*b. Suppose b = r - 0. Suppose -r = t - 11. What are the prime factors of t?
3
Let i = -201 + 288. List the prime factors of i.
3, 29
Let h(c) = -c**2 + c. Let r be h(-1). Let i = r + 4. What are the prime factors of i?
2
Suppose -59 - 76 = q. Let b be (-2)/(2 - (-276)/q). Suppose -2*u + 4*t + 19 + 17 = 0, -5*u - 5*t = -b. List the prime factors of u.
2, 3
Suppose -2*m = -4*m. Suppose 0 = -2*j + 4 - m. Suppose 4*z - 2*i = -0*i + 52, j*i = z - 19. What are the prime factors of z?
11
Suppose 0 = -5*w + 4*m + 6, -2*w = -3*w + 2*m. Let o be -10 - -2*(3 - w). List the prime factors of (-18)/o + (-2)/8.
2
Let l(m) = m - 14. Let p be l(20). Suppose -n + 33 = -p. List the prime factors of n.
3, 13
Let n(y) = y**2 - 2. Let h be -3*(2 + (-1)/3). List the prime factors of n(h).
23
Let p(w) = -w**3 - 5*w**2 + 5*w + 4. Let x be p(-8). Suppose -5*h + 2*h = -x. Suppose 4*v = -4*s - 0*s + h, 4*s = -5*v + 61. List the prime factors of v.
3
Suppose 5*t - 4*w - 80 = -6*w, 0 = 2*t - 4*w - 56. List the prime factors of t.
2, 3
Let u = -9 - -15. Suppose -k - 10 = -u*k. List the prime factors of 12 + k/(-4)*6.
3
Let z be 1/(-5) + (-39)/5. List the prime factors of (-69)/(-4) - (-2)/z.
17
Let u be (-8)/(-4) + 1*2. Suppose -y + 0 - 4 = -2*t, 8 = -3*y + u*t. Suppose y = -b + 2*b + h - 11, 0 = -2*b + 5*h + 8. List the prime factors of b.
3
List the prime factors of -105*(3 + 42/(-9)).
5, 7
Let g(q) = q**3 + 3 + q - 4 - 6*q**2 + q**2. Let b be g(5). Suppose -4*n = 3*i - 4*i - 37, 0 = -b*n - 4*i + 52. What are the prime factors of n?
2, 5
Let w(d) = -d + 12*d - 1 + 6 + d**2. Suppose -3*q = -4*u - 50, 3*q - 24 = 3*u + 15. What are the prime factors of w(u)?
5
Let k be 3/(-18) - (-29)/(-6). Let p = 9 + k. Suppose 2*x + 0 = -p*l + 2, -x = l - 4. List the prime factors of x.
7
Let q(g) = g**2 + 5*g - 1. What are the prime factors of q(-8)?
23
Suppose 3*d - 395 = -2*t, 0*d - 5*t - 388 = -3*d. List the prime factors of d.
131
Suppose 4*w - 2*p + 0*p = 98, -w + 4*p + 28 = 0. List the prime factors of w.
2, 3
Suppose s + 7*z - 415 = 5*z, -5*s + 2111 = -2*z. List the prime factors of s.
421
Suppose -6*g = -12*g + 186. List the prime factors of g.
31
What are the prime factors of 610/(-25)*(2 - (-1 - -8))?
2, 61
Suppose 3*u = 143 + 28. List the prime factors of u.
3, 19
Let n = -6 + 32. What are the prime factors of n?
2, 13
Suppose -2*o = 4*b - 16, 3*b = -6*o + 2*o + 37. List the prime factors of o.
2, 5
Suppose -31 - 9 = 2*k. Let q be (k/16)/(1/(-4)). Let o = 11 - q. List the prime factors of o.
2, 3
Suppose 2*m - 50 = -3*m. List the prime factors of (12/m)/((-4)/(-30)).
3
Let r be 274/(-8) - 2/(-8). List the prime factors of r/(-6) - (-6)/(-9).
5
Let r be 4/(-6) - 119/(-21). Let m(k) = k - 2. Let d be m(8). Suppose l + r*b = 18, b + 116 = -l + d*l. List the prime factors of l.
23
Let v(a) = 3*a**2 - 7*a - 14. What are the prime factors of v(-4)?
2, 31
Let r(j) = -11*j - 15. List the prime factors of r(-5).
2, 5
Let l = -78 - -144. List the prime factors of l.
2, 3, 11
Let o(f) = -f**2 + 57. Let k be o(0). Suppose 5*p - 8*p = k. List the prime factors of (p/5)/((-3)/15).
19
Let r(a) = 3*a - 2. Suppose -3 = -b - 1. Let c be r(b). Suppose -1 - c = n + 4*j, 2*n - 4 = -j. List the prime factors of n.
3
Let l = 2 + -2. What are the prime factors of 21/3 - (l + -1)?
2
Let s be (-8)/(-36) - 303/27. Let m = 13 + s. List the prime factors of m.
2
Suppose 3*o + 0*o + d - 2 = 0, 5*o - 5*d - 30 = 0. Suppose -3*t - 5*x = -3*x - 85, 2*t + o*x = 60. What are the prime factors of t?
5
What are the prime factors of 4/(-18) + (-31250)/(-90)?
347
Let a be 0 - -14 - 3 - 3. Suppose -k - j - 2 = 0, a = -2*k - 5*j - 8. Suppose -k*t = 3*w - 0*t - 34, 0 = -5*w - 3*t + 56. What are the prime factors of w?
2, 5
Suppose -128 = -r - 24. Suppose -2*p = 30 - r. What are the prime factors of p?
37
Let i be (0/(-1))/1 - -3. Let w = -61 - -64. Suppose 11 = o - 3*y, i*o = y + w*y + 43. List the prime factors of o.
17
Let q(h) = 11*h**2 - h. Let f be q(-3). Let t be (f/(-5))/((-2)/5). Let z = t - 36. What are the prime factors of z?
3, 5
Suppose 3*c - d = -0*d + 13, 4*d + 8 = c. Suppose c*h - 9 = g, -4*h = 3*g - h - 48. What are the prime factors of g?
11
Let b = 9 + 15. List the prime factors of b.
2, 3
Let l be (6/(-12))/((-1)/4). Let c(f) = 2*f**2 + 2*f - 3. List the prime factors of c(l).
3
Let z = -18 - -8. Let c = 24 + z. What are the prime factors of c?
2, 7
Let s = 48 - 7. What are the prime factors of s?
41
Suppose 0 = -6*g + g + 25. Let y = g - 7. List the prime factors of (3/3 - -6) + y.
5
What are the prime factors of (149/1)/1 - (-27)/(-9)?
2, 73
Let x = 5 + -3. Suppose -24 = -2*h + r, -x*h + 2*r = -0*h - 22. Suppose 5*z - 37 = -3*b, -b + h = -4*b + 5*z. List the prime factors of b.
2
Let i(z) = z**3 - 14*z**2 + 12*z + 3. Let b be i(13). Let q = -23 + 6. Let p = b - q. What are the prime factors of p?
7
Suppose -2*b + w - 2 + 6 = 0, 0 = 4*b + 3*w - 18. List the prime factors of b.
3
Let c(v) = 20*v + 19. List the prime factors of c(6).
139
Let v(d) = 14*d**2 - 9*d. List the prime factors of v(-3).
3, 17
Let w = -239 + 404. What are the prime factors of w?
3, 5, 11
Suppose -2*f - 4 = -10. Suppose f*w = -w + 24. What are the prime factors of w?
2, 3
Let t(c) = -c + 7. Let z(d) = 7. Let k(m) = 2*t(m) - 3*z(m). Let q = -3 + -3. List the prime factors of k(q).
5
Suppose -4*w + o = -121, -4*w + 4*o - 72 + 208 = 0. Let j = 6 + w. List the prime factors of j.
5, 7
Suppose 90 = -2*d + 300. What are the prime factors of d?
3, 5, 7
Suppose u - 184 = 2*t + 114, u - 3*t - 298 = 0. What are the prime factors of u?
2, 149
Suppose 13*f + 228 = 17*f. What are the prime factors of f?
3, 19
Let n = -6 - -8. Suppose -9 = -n*r + 53. List the prime factors of r.
31
Suppose -4*z + 3*z + 2 = 0. Let k = 14 - 1. Suppose z*l - k - 7 = 0. List the prime factors of l.
2, 5
Let i = 48 - 42. Let s(w) be the first derivative of -w**3/3 + 7*w**2/2 + w + 1. List the prime factors of s(i).
7
Let j = 4 - 1. What are the prime factors of j?
3
Let y(s) = 5*s**2 - 2*s + 5. Let k be y(-4). Let f = -54 + k. List the prime factors of f.
3, 13
Let l = -5 - -7. Let z be 1/l - (-7)/2. Suppose z*s = -12, 49 = 4*h + 2*s - s. List the prime factors of h.
13
List the prime factors of (-5308)/(-20) - (0 + (-2)/(-5)).
5, 53
Let a = 3 - 4. Let d be 2/(((-1)/(-1))/6). Let f = a + d. What are the prime factors of f?
11
Suppose 0 = -3*z + z + 2*n + 24, 0 = 3*z - n - 38. List the prime factors of z + (-1 + 1 - -2).
3, 5
Suppose v + 0 = 4. Suppose 0*a = m + v*a - 1, a = -m + 4. Suppose m*l = 7 + 3. List the prime factors of l.
2
Let z = 9 - 6. Suppose 0 = 7*l - z*l - 32. Let w = l + -5. What are the prime factors of w?
3
Suppose -4*l + 6*l + 4*